 5. What is the units digit of v?
3
Suppose 94 = 5*x - 196. Suppose -3*t = b - x, b + 62 = 2*t + t. What is the units digit of t?
0
What is the units digit of (-30)/12*52/(-5)?
6
Let x(z) = 11*z**2 + 0 + 13 + 11*z - 12*z**2. What is the units digit of x(11)?
3
Suppose -76 = -3*u + l + 22, -2*u + 80 = 3*l. What is the tens digit of u?
3
Suppose -560 = -6*o - 2*o. What is the units digit of o?
0
Let a = 5 - 1. Suppose -12 - 4 = -a*p. Let g = 13 + p. What is the tens digit of g?
1
Let s be (39/5)/((-1)/(-5)). Suppose -4*n - 28 = 5*l - 0*n, 5*n = 3*l + s. What is the units digit of (-18)/12*l/6?
2
Let y be ((-56)/20)/((-2)/5). Let s(x) = 0*x - y + 1 - x. What is the units digit of s(-7)?
1
Let t(m) = 4 + 3*m - 12 + 3*m - 4*m. What is the tens digit of t(9)?
1
Suppose 0 = -10*n + 61 + 509. What is the tens digit of n?
5
Suppose -z = 4*z. Suppose -w = -2 - 1. Suppose z = w*d - 2*d - 2. What is the units digit of d?
2
Let f = 125 - 42. What is the tens digit of f?
8
Let z(y) = 2*y**3 + y**2 + 2. Let j be 2/4 + (-9)/(-6). Let t be z(j). Suppose i - t = -i. What is the tens digit of i?
1
Suppose 5 = -i + 14. What is the units digit of i?
9
Suppose -5*c - a = -65, 4*a - 43 = -4*c + 9. Let l = c - -6. What is the tens digit of l?
1
Let w(n) = -4*n**2 - 5*n - 3. Let f be w(-3). Let p be ((-3)/2)/((-9)/f). What is the tens digit of 2*-13*2/p?
1
Let h = -3 + 6. Suppose 6*j = 2*v + 3*j - 11, -19 = -v - h*j. What is the units digit of v?
0
Suppose 88 = -3*q - 5. Let n = 123 - 74. Let o = q + n. What is the tens digit of o?
1
Let m(t) = -2*t**2 - 5*t**2 + 4*t**2 + 4*t**2. What is the units digit of m(3)?
9
Let k be (3/(-1))/((-12)/8). Suppose j - 4 = k. What is the units digit of j?
6
Suppose -2*w = a - 7, -7*w + 12 = -3*a - 2*w. Let n be 0 - ((-3)/3 + a). Suppose 5*g - 10 = n, -4 = -0*m - 2*m + 3*g. What is the units digit of m?
5
What is the units digit of (-1890)/5*(-3 + 14/6)?
2
Let o(p) be the first derivative of 37*p**4/4 - p**2 + p + 6. What is the units digit of o(1)?
6
Let h be 116*(-1)/((-16)/12). Suppose -2*m = -p - h, 2*m - 5*p = 4*m - 117. What is the tens digit of m?
4
Let c(s) = -s - 3. Let y be c(-3). Let d = 5 + -1. Suppose y*z = -d*z + 4. What is the units digit of z?
1
Let j = 0 - -2. Let q = j + -1. Suppose w - 3*c - 5 = 2, c = -3*w + q. What is the units digit of w?
1
Suppose y = 5*k - 20, -4*y - 18 = -y - k. Let i = 0 - y. What is the units digit of i?
5
Suppose 360 = 5*g - 5*y, g + 4*y + 144 = 3*g. What is the tens digit of g?
7
What is the tens digit of 18/(1 - 3/12)?
2
Let h(k) = 2*k**2 + 5 - 3*k + 3*k**2 - k**3 + k. Let j be h(4). Suppose 4*t + 3*w = 6*t - 3, 5*t - 2*w = j. What is the units digit of t?
3
Let t(m) be the first derivative of -m**2/2 - 6*m - 2. Let v be t(-6). What is the units digit of (-44 - -6)/(-2 - v)?
9
Let m(c) = 14*c. Let b be m(1). Let z(d) = d**3 - d**2 - 1. Let p be z(2). Suppose -4*n = 2*j - 9*n - p, b = 3*j + 2*n. What is the units digit of j?
4
Suppose 0 = -3*g + 4*g - 2*f - 241, 2*f = 4*g - 994. What is the hundreds digit of g?
2
Let i be (-4)/(-10)*(65 + 0). Suppose -2*x - 2 = -j + 11, -2*x = 2*j - i. What is the tens digit of j?
1
Suppose -2*q + 5*q + 45 = 0. Let f be (q/(-6) - 2)*46. Suppose 3*w + 4*i - 41 = 0, 4*i - 4 = -w + f. What is the units digit of w?
7
Suppose -4*y + 572 = 4*c, -2*y + 11 = c - 271. What is the units digit of y?
9
Let r = 2 - -1. Let p(t) = t**2 + 3*t - 2. Let l be p(r). What is the units digit of 100/l + 6/8?
7
Suppose 0 = 4*h + 20, -2*r - h + 103 = 2*r. What is the units digit of r?
7
Let u(y) = -13*y**3 - 2*y**2 - 4*y - 3. What is the tens digit of u(-2)?
0
Let g = 78 - -50. What is the tens digit of g?
2
Suppose -3*y - y + 3*r + 26 = 0, -8 = 4*r. Let n(k) = -k + 7. Let i be n(y). Suppose 19 + i = 3*p. What is the units digit of p?
7
Suppose 0*j - 4*j + 120 = 0. What is the tens digit of j?
3
Suppose 2*x - 2088 = -5*r, -16*x = 4*r - 11*x - 1667. What is the hundreds digit of r?
4
Suppose -3*u = -u - 4. Suppose 0 = -3*s + 5*y + 21, -5*s + u*y = -2*s - 12. What is the units digit of s?
2
Suppose 0*l + 20 = -2*n + 3*l, 3*n - 4*l + 30 = 0. What is the units digit of 276/(-30)*n/4?
3
Suppose -4*d = 2*g + 16, -g = -3*d - 16 + 39. Let w = g - -23. What is the units digit of w?
9
What is the tens digit of 1/(-2) + 129/2?
6
Let c = -11 + 19. Suppose r + 3*r = c. Suppose -s + r*s = 4. What is the units digit of s?
4
Let u(k) be the third derivative of -3*k**4/4 - k**3/2 + 3*k**2. Let p be u(4). What is the units digit of (4/6)/((-5)/p)?
0
What is the tens digit of 1 + 0 + 11 + 8?
2
Suppose -2*m - 4*u - 32 = 0, 4*u + u + 20 = 0. Let d(w) be the second derivative of -w**3/6 - 2*w**2 - w. What is the units digit of d(m)?
4
Let h(v) = 2*v**2 + v. Let j be h(-4). Suppose 48 + 28 = 3*u + 4*x, j = u + 4*x. What is the units digit of u?
4
Suppose 0 = 4*w - 0*w - 20. What is the units digit of w?
5
Suppose -4*s = 5*v - 179, -15 = -s + 2*v + 46. What is the units digit of s?
1
Suppose 3*c - 96 = 81. What is the tens digit of c?
5
Suppose l - 3*l = -22. Let v = -11 - -3. Let x = l + v. What is the units digit of x?
3
Suppose 2*d - 7 = 25. What is the tens digit of d?
1
Suppose -2 + 5 = a. What is the units digit of a?
3
Let u = 20 - 3. Suppose 0 = -4*y + 7 + u. What is the units digit of y?
6
Let h = -62 - -139. What is the units digit of h?
7
Let o = 3 + -3. Suppose 5*x - 36 - 9 = o. What is the units digit of x?
9
Let f be (-20)/(-2)*1/2. Suppose 0*g - 120 = -f*g. Suppose 3*w - g = w. What is the units digit of w?
2
What is the tens digit of (234/4)/(12/16)?
7
What is the units digit of (-1 + -1)/(6/(-33))?
1
Suppose 4*i = -2*d + 234, 3*d + 171 = 3*i - 0*d. What is the units digit of i?
8
Suppose 2*b = -b + 93. What is the units digit of b?
1
What is the units digit of 6 - 2/1 - -22?
6
What is the units digit of (-636)/(-24) + (-2)/4?
6
What is the tens digit of (-4)/3*99/(-6)?
2
Suppose -5*b = 25, -2*q - 2*q + 4*b = -68. What is the units digit of q?
2
Suppose -3*g = -2*g - 47. What is the tens digit of g?
4
Let o = -10 + 14. Suppose 0 = -4*z + 5*m - 37, -o*m + m = 4*z + 61. Let i = -9 - z. What is the units digit of i?
4
Let p = -9 + 13. Suppose 0 = q - 4*j - 16, q - 3 = -p*j + 13. What is the tens digit of q?
1
Let q = -103 + 158. Suppose q + 50 = 5*m. What is the units digit of m?
1
What is the tens digit of 3*-1 + (38 - -3)?
3
What is the hundreds digit of 2 + ((-1)/2)/(10/(-5020))?
2
Let p(z) = -z**3 + 10*z**2 - 9*z + 11. Let b be p(9). Let a = 33 - b. What is the units digit of a?
2
Suppose 3*s - 92 = -j - s, s - 536 = -5*j. Suppose 2*d - j = -d. What is the tens digit of d?
3
Suppose 0 = 3*t + 15, 0 = 3*n + 3*t + 11 + 4. Suppose h + 10 + 1 = n. Let x = -5 - h. What is the units digit of x?
6
Let d be 5/(-15) - 32/(-6). Let f(c) = -c + 1 + d*c + 0. What is the units digit of f(2)?
9
Suppose -4*m + 149 = -5*r, 0 = -2*r + 7 - 1. Let d = m - 19. What is the units digit of d?
2
Let c(l) = -l**3 + 5*l**2 + l - 5. Let a be c(5). Suppose a*k - 39 = -k. Suppose -1 - k = -5*o. What is the units digit of o?
8
Let x(d) = d**3 + 14*d**2 + 11*d - 8. What is the hundreds digit of x(-12)?
1
Let m(s) = -3*s - 6. Let l be (-66)/14 + 10/(-35). What is the units digit of m(l)?
9
What is the units digit of 111/(5/(-1) - -6)?
1
Let r(m) = -38*m**3 - m**2 - m - 1. Let b be r(-1). Suppose -2*f + 5*i = 2, 5*f - 4*i + 2*i = b. What is the units digit of (-3)/f + (-16)/(-3)?
5
Let d(x) = -8*x - 15. What is the tens digit of d(-11)?
7
Let q(k) = -20*k**2 + 3*k + 21*k**2 + 2 - k. What is the tens digit of q(-6)?
2
What is the tens digit of (6/(-8))/((-3)/156)?
3
Suppose 0*c = -c. Suppose 4*k = -c*k + 8. Suppose b = k*b - 13. What is the units digit of b?
3
Suppose 0 = -3*j + 7*j - 3*b + 62, -j - 22 = -4*b. What is the units digit of 6/21 - 38/j?
3
Let y be 0 + 1 + -2 + -4. Let w(b) = b**2 - 16*b - 5. Let g be w(15). What is the units digit of (-176)/g + (-1)/y?
9
Let w = 8 + 11. What is the units digit of w?
9
Suppose -3*h + 15 = 3*f, 4 = 2*h - 4*f - 0. Suppose h*i = -0*i. What is the units digit of (i + (-3)/(-6))*4?
2
Let k be (-3)/(-9) + 94/6. Suppose 0 = 3*r - 0*r - 21. Let y = k - r. What is the units digit of y?
9
Suppose -40 = -4*i + 36. What is the tens digit of i?
1
Let q = 216 - 124. What is the tens